
Suppose 24 = -234*z + 236*z. Suppose 5*i - z = -c + 2*i, -3*c = i - 44. Calculate the highest common divisor of 735 and c.
15
Let v be 42/9 - 69/(-207). What is the highest common divisor of v and 55?
5
Let q(y) = y**3 + 8*y**2 - 4*y - 6. Let r be q(-8). Let a(n) = 20*n**2 - 7*n - 1. Let k be a(-1). Calculate the highest common factor of r and k.
26
Suppose -3*l + 60 = -4*g - 7*l, 2*l = 0. Let r be ((-3306)/(-95))/((-2)/g*3). Calculate the highest common divisor of r and 203.
29
Suppose 0 = -t - b + 1, -2*b + 20 = -4*t - 6. Let d be (t - (-28)/(-35))/(3/(-20)). Calculate the highest common divisor of d and 224.
32
Let d = -22 - -403. Let m = 402 - d. Calculate the highest common factor of m and 7.
7
Let v be 2913426/4284 + (-2)/28. What is the highest common divisor of v and 306?
34
Let a(t) = -2*t**2 - 27*t - 30. Let d be a(-12). Let i be d/(-4)*12/(-9)*150. Calculate the highest common divisor of i and 12.
12
Suppose 21*t - 26*t - 90 = 0. Let j be t/4*(-42)/63. Let w be (5/10)/(1/54). Calculate the highest common factor of w and j.
3
Let r = 17996 + -17915. Calculate the highest common factor of 747 and r.
9
Suppose 118*g = -175*g + 353*g - 28200. What is the greatest common factor of 310 and g?
10
Let p(a) = -8*a + 45. Let x be p(5). Let d = 1 - -4. Suppose x*y = d*h - 95, -5*y = h - 5 + 4. What is the highest common factor of h and 40?
8
Let l(i) = 3*i**2 + 23*i - 362. Let p be l(10). Calculate the greatest common divisor of 154 and p.
14
Let c(d) = 6392*d - 7155. Let i be c(5). What is the greatest common divisor of i and 41?
41
Suppose -64*w - 610 + 1294 = -1876. What is the greatest common factor of 1380 and w?
20
Let t be 556/6 + (120/(-72))/1. Calculate the greatest common divisor of 1794 and t.
13
Let z = 9696 + -9000. Calculate the greatest common factor of z and 336.
24
Let x be (-12)/10 - 9*(-804)/180. Suppose -t + 12 = -4*f, -3*f + x + 42 = 3*t. Suppose 4*v - 48 = -0*v. What is the highest common divisor of v and t?
12
Let h(a) = 64*a**2 - 14*a - 33. Let k(d) = d**2 + 1. Let r(w) = h(w) - k(w). Let o be r(-3). Calculate the greatest common divisor of 25 and o.
25
Let i(a) = 2*a + 1. Let d be i(1). Let n(f) = 68*f**2 - f**d - 6*f + 18*f - 1 - 80*f**2. Let o be n(-13). What is the greatest common factor of o and 108?
12
Let m(y) = y**3 + 10*y**2 + 10*y + 15. Let j be m(-9). Let c(p) = -2*p + j*p + 141 - 105. Let n be c(21). What is the highest common divisor of n and 24?
24
Suppose 3*y = 2*g + 499, -2*g = 3*y + g - 489. Suppose y*u + 86 = 167*u. What is the greatest common factor of u and 1333?
43
Let v be (3/(-2))/(2/12). Let c(i) = -i**3 - 16*i**2 - 5*i + 3. Let x be c(v). Let n be (-14)/63 - x/27. What is the greatest common factor of n and 19?
19
Let k(t) = 2*t + 57. Let l be k(0). Let u be 57/(-2)*(-4)/(-12)*-4. What is the highest common divisor of l and u?
19
Suppose 0 = -2*z + 5*t + 44298, -2*z - 5*t + 35145 = -9133. What is the highest common divisor of z and 173?
173
Suppose 0 = 2*s - 5*r + 761, 9 = 3*r + 6. Let h = s - -393. Calculate the highest common divisor of h and 36.
3
Let o be (-2018)/(-8) - (-11)/(-44). Suppose n - 3*d = 84, -3*d - 38 = n - 80. Calculate the highest common divisor of n and o.
63
Let t be -152*((-580)/80 - -7). What is the highest common divisor of t and 6023?
19
Let r = -29 - -107. Let m(i) = -4*i - 18. Let w be -7*(12/7)/2. Let x be m(w). What is the greatest common divisor of r and x?
6
Let p be (1 + 35)*(6/4)/3. Let i = 478 - 476. Calculate the greatest common factor of i and p.
2
Suppose -5*v = -2*s - 335, 3*s + 5*v + 474 = 3*v. Let a = s + 380. What is the greatest common divisor of 20 and a?
20
Let h be 9/15 - (0 - (-78)/5). Let i be 2/(-6) - (35/h)/1. Suppose -2*b - 44 + 230 = i*l, -5*l + 459 = 3*b. What is the greatest common divisor of l and 9?
9
Suppose -y - 70*n + 71*n = -5580, 8*y - 44730 = -2*n. Calculate the greatest common divisor of y and 23.
23
Let s be 1/((-4)/(-22))*14. Let y = -134 + 138. Suppose -3*j + 0 = y*b - 32, -4*b + j = -48. Calculate the greatest common factor of b and s.
11
Suppose -51*u = -50*u - 34. Let g be ((-10)/15)/(-1 - 100/(-102)). What is the highest common divisor of g and u?
34
Let f = 11862 - 11807. Let l = 5 - 0. Suppose -m + 25 = l*s, 2*m = 8*s - 4*s - 20. Calculate the greatest common factor of s and f.
5
Let w(u) = -u**3 - 8*u**2 - 7*u + 10. Let j be w(-7). Suppose 3*p - 9 = -6. Let a be (p + 6/j)/(4/80). What is the highest common divisor of a and 288?
32
Suppose 9*s - 501 = -2*s + 2403. What is the greatest common divisor of s and 12?
12
Let v(o) = 2*o**2 + 24*o + 88. Let c(u) = 6*u**2 + 47*u + 175. Let b(z) = 2*c(z) - 5*v(z). Let g be b(-3). Calculate the greatest common factor of 82 and g.
2
Suppose -3*a - d = -43, 2*a - 3*a = d - 17. Suppose -a*w - 25 = -545. Calculate the greatest common factor of 100 and w.
20
Let t be ((-4)/(-8))/(5*3/810). Let r = -16 + 7. Let m be 27/6 - r/(-6). Calculate the highest common factor of t and m.
3
Let v(r) be the third derivative of r**6/120 + r**5/6 - 5*r**4/12 + 35*r**3/6 - 17*r**2 + 1. Let i be v(-11). Calculate the greatest common divisor of 3 and i.
3
Let l = 806 + -476. What is the highest common divisor of l and 264?
66
Let v(g) be the third derivative of 5*g**4/24 + 200*g**3/3 + 5*g**2 - 16. Let j be v(-47). What is the highest common divisor of 231 and j?
33
Let i = 37 - 38. Let j be i/(-4) - (-905)/(-4). Let k = -154 - j. Calculate the highest common factor of 8 and k.
8
Let h = -2339 - -2375. What is the greatest common factor of 2 and h?
2
Let g(h) = 62*h - 904. Let k be g(20). What is the highest common factor of k and 126?
42
Suppose 7*z - 6535 + 1894 = 0. Let t = z + -234. Calculate the highest common factor of t and 39.
39
Let p = 46 - 49. Let v(i) = 12*i + 9. Let q be v(p). Let a be (-63)/q - 1/3. Calculate the greatest common divisor of 10 and a.
2
Let t = -47 + 134. Let d = t + -16. What is the greatest common divisor of d and 71?
71
Suppose -12*r - 946 = -3058. Calculate the highest common factor of 4048 and r.
176
Let o = 3541 - 2371. What is the highest common divisor of o and 150?
30
Let x be (5/10*0)/(-3). Suppose 63 = g + 3*g - 3*r, 3*g + r = 31. Suppose -g + x = -3*t. Calculate the greatest common divisor of 44 and t.
4
Let d be ((-872)/20)/(108/(-60)) - 2/9. What is the highest common divisor of 176 and d?
8
Let z be 8 + (-270)/33 + (540/33)/2. Suppose 0 = 5*l - 542 + 67. Let x = -23 + l. What is the greatest common divisor of x and z?
8
Suppose 0 = 1453*d - 1456*d + 27. Calculate the greatest common factor of 204 and d.
3
Let n be (63/14)/9 + (-2)/4. Suppose -63*g + 57*g + 3600 = n. What is the greatest common factor of g and 75?
75
Let n(a) = 13*a**2 + 17*a - 48. Let w be n(12). Suppose 9*m - w = 1248. What is the greatest common divisor of m and 26?
26
Let j(q) = 14*q**2 + 14*q + 43. Let v be j(-4). Let c = 635 - v. Calculate the greatest common divisor of 53 and c.
53
Let a(t) = -6*t**2 + 200*t - 66. Let u be a(31). Calculate the highest common factor of u and 92.
92
Suppose 4*v - p - 40 = 393, 3*p - 105 = -v. Let i(d) = 4*d**3 + 3*d - 11. Let m = -42 - -44. Let y be i(m). What is the highest common factor of y and v?
27
Let m be (2 - -885) + 6 + 72/18. Calculate the greatest common factor of 9 and m.
3
Suppose 9*n - 4 = 5*n. Let k = 4 - n. Suppose 0 = -k*w + w + 16. Calculate the highest common divisor of 24 and w.
8
Suppose -4*z = d - 7, z + 18 = 5*d - 17. Let c(k) = -187*k + 34817. Let o be c(186). What is the highest common divisor of d and o?
7
Let n(m) = -m**3 - 112*m**2 + 585*m + 80. Let v be n(-117). Let p(w) = 55*w**2 - w + 2. Let k be p(-2). Calculate the greatest common divisor of v and k.
16
Let v(y) = -y**2 + 24 - 3*y + 13*y - 6. Let a be v(8). Let t = 50 - a. What is the highest common divisor of t and 40?
8
Let c(m) = 54*m + 220. Let u be c(22). Let i be -6 - (u/8)/(-2). Calculate the highest common factor of i and 4.
2
Let l = 14923 - 13583. Calculate the greatest common factor of l and 40.
20
Let g be (-435)/(-2)*(5 + (-11)/3). Suppose 5*c = -5*t + g, 3*c - 10 = -2*c. Let m = 65 - t. Calculate the greatest common factor of 3 and m.
3
Let d(v) = -204*v**2 + v - 28. Let o be d(-5). Let l be (8/3)/((-118)/o). Calculate the greatest common divisor of l and 319.